74b?
-3831a
In base 7, what is 11525140 + 3?
11525143
In base 16, what is -8ced4 - 44b?
-8d31f
In base 11, what is 418983 - -3?
418986
In base 7, what is 1104142 - -3644?
1111116
In base 8, what is -124 + 2002304?
2002160
In base 12, what is 7 - -635549?
635554
In base 3, what is 200100010 + -22010?
200001000
In base 15, what is -672e8c5 + -3?
-672e8c8
In base 9, what is 100704 - -227?
101032
In base 6, what is 34050 + -1343035?
-1304545
In base 3, what is -200202201211 - 12011011?
-200221212222
In base 6, what is -204043 - 52?
-204135
In base 4, what is 2 - -1021210302113?
1021210302121
In base 3, what is 11 + 21200211022002200?
21200211022002211
In base 9, what is -110 + 1260305?
1260185
In base 3, what is -1000 - 10012112010222210?
-10012112011000210
In base 6, what is -5045003 + -14?
-5045021
In base 3, what is -11101002 + -11100200212?
-11112001221
In base 15, what is 43c810 + 1d?
43c82d
In base 7, what is -224 + 1314665?
1314441
In base 14, what is -1c21d69 - -4?
-1c21d65
In base 2, what is -100111000011 - 10101011101?
-111100100000
In base 14, what is 13792d - -5?
137934
In base 5, what is 4114424 + -220?
4114204
In base 12, what is b + -8531109?
-85310ba
In base 4, what is 110023032223 - 12?
110023032211
In base 4, what is 202322133 - -311310?
203300103
In base 10, what is 29 - 894925?
-894896
In base 6, what is 4213100 - 1?
4213055
In base 11, what is -1363302 - a?
-1363311
In base 4, what is -110121131301 - 102?
-110121132003
In base 12, what is -228b - -105b?
-1230
In base 5, what is 111 - -2134011?
2134122
In base 10, what is -739923 + 6?
-739917
In base 8, what is 1333 + 21557?
23112
In base 3, what is -100 - 1122102200021?
-1122102200121
In base 8, what is 6 + -11554421?
-11554413
In base 11, what is 0 + -5564155?
-5564155
In base 16, what is -5 + 1af4c9b?
1af4c96
In base 5, what is 3242 - -1311112?
1314404
In base 10, what is -36 - -1403766?
1403730
In base 14, what is -28d235 + -21?
-28d256
In base 4, what is 333 + 10002202000?
10002202333
In base 6, what is -3002324131 + 3?
-3002324124
In base 16, what is 2 + e78aa?
e78ac
In base 11, what is -a40 + -8632?
-9572
In base 6, what is 244053123 + -12?
244053111
In base 12, what is -6165 + 16780?
10617
In base 8, what is 4753157044 - -3?
4753157047
In base 3, what is 111111122212 + 1021?
111111201010
In base 6, what is -21530 + 310131?
244201
In base 13, what is -11685 - 2c6b?
-14623
In base 16, what is -23 - 330171?
-330194
In base 11, what is 3a646 - -217?
3a862
In base 12, what is -7a + -a11561?
-a1161b
In base 15, what is -c70 - bb95?
-c915
In base 13, what is 2aa84 - 210?
2a874
In base 5, what is -13240 - 100003?
-113243
In base 11, what is a533 - -5a?
a592
In base 2, what is 10011101011111000110 + -10?
10011101011111000100
In base 8, what is 37 - 56214?
-56155
In base 4, what is -32 - 3011223011?
-3011223103
In base 13, what is -72bc - -1977?
-5645
In base 14, what is 4 - -76ccd9?
76ccdd
In base 13, what is 1442 - 1625?
-1b3
In base 9, what is 723 + -13166?
-12343
In base 16, what is -1e25 + 54d?
-18d8
In base 2, what is 100 - -1011110010110001011011110101?
1011110010110001011011111001
In base 6, what is -22150 + 42450?
20300
In base 5, what is -1033014341 - 1?
-1033014342
In base 10, what is -24 + -3020050?
-3020074
In base 13, what is 333 - -11b17?
1214a
In base 9, what is 161 - 42657?
-42486
In base 10, what is 1273 - -6257?
7530
In base 15, what is 526091 + -3?
52608d
In base 5, what is 312312 - 2220233?
-1402421
In base 6, what is 45240531 - 34?
45240453
In base 9, what is 2046623 - 431?
2046182
In base 8, what is -34136 - -1025?
-33111
In base 13, what is -5 - 10592650?
-10592655
In base 16, what is eecc + -b8?
ee14
In base 3, what is -1201212021 + -110020?
-1202022111
In base 8, what is -22 - -76342136?
76342114
In base 15, what is 357213 + 14?
357227
In base 14, what is 35a - 37453?
-370d7
In base 10, what is -5 + 12064934?
12064929
In base 11, what is 1a4 - -7990a5?
799299
In base 3, what is 200211 + 1011100201122?
1011101102110
In base 12, what is b887 - 59?
b82a
In base 15, what is a68c773 + -4?
a68c76e
In base 13, what is 49c5 + -539?
4489
In base 12, what is -143 - -1164b?
11508
In base 8, what is 20441637 - -377?
20442236
In base 14, what is 213757 + -1?
213756
In base 8, what is 27443005 - -140?
27443145
In base 16, what is -28091 + -26?
-280b7
In base 6, what is 1 + 103314401?
103314402
In base 8, what is 45 + -1441512?
-1441445
In base 13, what is 106c87 + -6?
106c81
In base 11, what is -1a714 - 5826?
-2543a
In base 2, what is -10001110110110000001110101100 - -11?
-10001110110110000001110101001
In base 14, what is 188 + -7786?
-75dc
In base 14, what is 5d + -1721a0?
-172141
In base 2, what is 11110101101110011 + 11011?
11110101110001110
In base 12, what is 34858788 + -3?
34858785
In base 9, what is 3 - 68607431?
-68607427
In base 11, what is -22a521 + 57?
-22a475
In base 7, what is -254520116 - -1?
-254520115
In base 9, what is 834483 + 42?
834535
In base 8, what is 70 - -26041241?
26041331
In base 10, what is -101213404 - 1?
-101213405
In base 3, what is 22 - -220110222202112?
220110222202211
In base 15, what is -308 - -131c3?
12dba
In base 9, what is 32028636 + 4?
32028641
In base 13, what is -268840 + -4?
-268844
In base 5, what is 14201 + -1302304?
-1233103
In base 11, what is 26880 + 6?
26886
In base 5, what is 112441234 + -13?
112441221
In base 5, what is -120202 - 3442?
-124144
In base 6, what is 300035 + 21231?
321310
In base 5, what is -40423 + -2111024?
-2202002
In base 8, what is 5251 + -6306?
-1035
In base 3, what is 212200220000 - 2011?
212200210212
In base 3, what is 1011010111100 - 12221?
1011010021102
In base 7, what is 2103 + 1243?
3346
In base 14, what is -263 + 23c8?
2165
In base 13, what is 31 + 10a023?
10a054
In base 11, what is 3973a99 + 5?
3973aa3
In base 2, what is 100011101000 - 10101011000?
1110010000
In base 13, what is -151b9b - -6?
-151b95
In base 4, what is -12132032 - -331?
-12131101
In base 15, what is -43642c - 2?
-43642e
In base 15, what is 203457 - 5?
203452
In base 9, what is 1671 + -126000?
-124218
In base 9, what is 123637 - 210?
123427
In base 8, what is 74023124 + -2?
74023122
In base 10, what is 3 - 7626948?
-7626945
In base 5, what is -23340423001 - 100?
-23340423101
In base 14, what is -a0bcc - -1cb?
-a0a01
In base 13, what is -1232 - 2316?
-3548
In base 7, what is 1605626224 + -2?
1605626222
In base 6, what is 1240034222 + 20?
1240034242
In base 13, what is -5309047 - 4?
-530904b
In base 4, what is -112032311103 + -33?
-112032311202
In base 6, what is 134 - 32110121?
-32105543
In base 15, what is 29 - -b4e6d?
b4e97
In base 12, what is 3 + 830a6?
830a9
In base 8, what is 26044514 - 11?
26044503
In base 12, what is -16958 - 59?
-169b5
In base 4, what is -3230 - 300131021?
-300200311
In base 3, what is -10200 + 21202020000212?
21202012220012
In base 12, what is -9a22 - -3a07?
-6017
In base 16, what is -8a - 5e0c?
-5e96
In base 6, what is 4 - 20140043?
-20140035
In base 6, what is -22 + 2201313?
2201251
In base 10, what is -1155460 + -4?
-1155464
In base 11, what is -8 + -403a28?
-403a35
In base 10, what is -148754 - 774?
-149528
In base 13, what is 11cb + 3c6b?
5169
In base 12, what is 2 - -21066a?
210670
In base 8, what is 5 - 137117566?
-137117561
In base 14, what is -c0a4 - -459?
-ba49
In base 16, what is -4b3544 + -4e?
-4b3592
In base 12, what is -118 + -375b0?
-37708
In base 3, what is -12222202 - -20220?
-12201212
In base 8, what is -126 - -45771?
45643
In base 9, what is -3 - 3600536?
-3600540
In base 8, what is -3 - 12365626?
-12365631
In base 15, what is -632d76 + -8?
-632d7e
In base 12, what is -1977a9 - -50?
-197759
In base 13, what is 100 - -3249?
3349
In base 6, what is 10353024452 - 0?
10353024452
In base 3, what is 12002011102 + 10220?
12002022022
In base 7, what is -10 - -3136133?
3136123
In base 16, what is 3d - -3339c0?
3339fd
In base 2, what is 11000000101001110111011 + 110001?
11000000101001111101100
In base 7, what is -1143066513 - -2?
-1143066511
In base 15, what is 8d + -10818?
-1077a
In base 4, what is 102 + 13313213?
13313321
In base 2, what is 1001101011000001000000 - -10?
1001101011000001000010
In base 12, what is -1b769a9 + -45?
-1b76a32
In base 2, what is 111 + -101000010101010111001011